{"id":3851,"date":"2025-04-15T13:26:44","date_gmt":"2025-04-15T16:26:44","guid":{"rendered":"https:\/\/foxstorebr.com\/fsbr\/?post_type=product&#038;p=3851"},"modified":"2026-05-07T15:09:59","modified_gmt":"2026-05-07T18:09:59","slug":"redmi-note-14","status":"publish","type":"product","link":"https:\/\/foxstorebr.com\/fsbr\/produto\/redmi-note-14\/","title":{"rendered":"Redmi Note 14"},"content":{"rendered":"<div class=\"header opened\"><strong class=\"wd-title\">Descri\u00e7\u00e3o<\/strong><\/div>\n<div class=\"wd-descriptions-text\">\n<p><strong>A escolha para as melhores fotos com 108MP e IA<\/strong><\/p>\n<p><strong>C\u00e2mera de 108MP imagens deslumbrantes<\/strong><br \/>\nAproveite o poder da IA para fotos e eternize os melhores momentos com n\u00edvel de detalhe impressionante.<\/p>\n<p>Nunca mais se preocupe com falta de bateria em seus momentos mais importantes<br \/>\nAt\u00e9 2 dias de bateria, recarga ultrarr\u00e1pida com\u00a0<strong>bateria de 5500mAh e carregamento turbo de 33W.<\/strong><\/p>\n<p><strong>Desempenho veloz com processador MediaTek Helio G99-Ultra<\/strong><br \/>\nFluidez m\u00e1xima para suas tarefas di\u00e1rias, sem lentid\u00e3o com a melhor experi\u00eancia.<\/p>\n<p><strong>Tela com Gorilla Glass 5 e design elegante<\/strong><br \/>\nProte\u00e7\u00e3o contra arranh\u00f5es e impactos.<\/p>\n<div class=\"ficha-tecnica\">\n<h2>PROCESSADOR<\/h2>\n<ul>\n<li>CPU:\u00a0MediaTek Helio G99-Ultra<\/li>\n<li>ARQUITETURA DA CPU:\u00a02x Cortex-A76 2.2GHz. 6x Cortex-A55 2.0GHz<\/li>\n<li>TIPO DE PROCESSADOR:\u00a0Octa Core<\/li>\n<li>VELOCIDADE DO PROCESSADOR:\u00a02.2GHz<\/li>\n<li>GPU GR\u00c1FICA:\u00a0Mali-G57 MC2<\/li>\n<\/ul>\n<h2>TELA<\/h2>\n<ul>\n<li>TAMANHO:\u00a06,67&#8243;<\/li>\n<li>TECNOLOGIA:\u00a0AMOLED<\/li>\n<li>TAXA DE ATUALIZA\u00c7\u00c3O DE TELA:\u00a0120Hz<\/li>\n<li>RESOLU\u00c7\u00c3O:\u00a0(2400 x 1080) FHD+<\/li>\n<li>DENSIDADE DA TELA:\u00a0395 ppi<\/li>\n<li>RECURSOS DA TELA:\n<ul>\n<li>Brilho m\u00e1ximo = 1800nits<\/li>\n<li>Modo Luz do Sol<\/li>\n<li>Modo Luz Noturna<\/li>\n<li>Corning\u00ae Gorilla\u00ae Glass 5<\/li>\n<\/ul>\n<\/li>\n<\/ul>\n<h2>C\u00c2MERA<\/h2>\n<ul>\n<li>RESOLU\u00c7\u00c3O DA C\u00c2MERA FRONTAL:\u00a020MP<\/li>\n<li>RESOLU\u00c7\u00c3O DA C\u00c2MERA TRASEIRA:\u00a0108MP + 2MP + 2MP<\/li>\n<li>TIPO DE FOCO (C\u00c2MERA TRASEIRA):\u00a0PDAF<\/li>\n<li>ZOOM:\u00a0Digital<\/li>\n<li>RESOLU\u00c7\u00c3O EM GRAVA\u00c7\u00c3O DE V\u00cdDEOS (C\u00c2MERA FRONTAL):\u00a01080p em 30 ou 60 Fps. &#8211; 720p em 30 Fps.<\/li>\n<li>RESOLU\u00c7\u00c3O EM GRAVA\u00c7\u00c3O DE V\u00cdDEOS (C\u00c2MERA TRASEIRA):\u00a01080p em 30 ou 60 Fps. &#8211; 720p em 30 Fps.<\/li>\n<li>RECURSOS DA C\u00c2MERA FRONTAL:\n<ul>\n<li>Disparo com a palma da m\u00e3o<\/li>\n<li>Disparo com toque na tela e programado<\/li>\n<li>Embelezador Facil<\/li>\n<li>Modo Luz de preenchimento<\/li>\n<li>Modo Retrato<\/li>\n<li>Modo Noturno<\/li>\n<li>Modo C\u00e2mera Lenta<\/li>\n<li>Modo V\u00eddeo Duplo<\/li>\n<\/ul>\n<\/li>\n<li>RECURSOS DA C\u00c2MERA TRASEIRA:\n<ul>\n<li>Disparo com toque na tela e programado<\/li>\n<li>Modo Tilt Shift<\/li>\n<li>Modo Pro<\/li>\n<li>Modo Retrato<\/li>\n<li>Modo Documentos<\/li>\n<li>Modo Noturno<\/li>\n<li>Modo C\u00e2mera Lenta<\/li>\n<li>Modo V\u00eddeo Duplo<\/li>\n<li>Modo Time-lapse<\/li>\n<li>Modo 108MP<\/li>\n<li>Modo Exposi\u00e7\u00e3o Loga<\/li>\n<li>Modo Panorama<\/li>\n<li>Modo Profissional<\/li>\n<\/ul>\n<\/li>\n<li>RECONHECIMENTO FACIAL:\u00a0Sim<\/li>\n<\/ul>\n<h2>MEM\u00d3RIA<\/h2>\n<ul>\n<li>MEM\u00d3RIA RAM (GB):\u00a08GB<\/li>\n<li>EXPANS\u00c3O MEM\u00d3RIA RAM VIRTUAL (GB):\u00a08GB<\/li>\n<li>MEM\u00d3RIA INTERNA (GB):\u00a0256GB<\/li>\n<li>MEM\u00d3RIA EXPANS\u00cdVEL (MicroSD):\u00a0At\u00e9 1TB<\/li>\n<\/ul>\n<h2>REDE \/ BANDAS<\/h2>\n<ul>\n<li>N\u00daMERO DE SIM:\u00a0Suporta 2 NanoSIM ou 1xNanoSIM + 1xCart\u00e3o MicroSD<\/li>\n<li>TIPO DE SLOT DE SIM:\u00a0Duplo NanoSIM<\/li>\n<li>CONEX\u00d5ES:\u00a04G \/ 3G \/ 2G<\/li>\n<li>2G GSM:\u00a0B2 \/ B3 \/ B5 \/ B8<\/li>\n<li>3G WCDMA:\u00a0B1 \/ B5 \/ B8<\/li>\n<li>4G LTE FDD:\u00a0B1 \/ B3 \/ B5 \/ B7 \/ B8 \/ B20 \/ B28<\/li>\n<li>4G LTE TDD:\u00a0B38 \/ B40 \/ B41<\/li>\n<li>5G NR:\u00a0N\u00e3o suportado<\/li>\n<\/ul>\n<h2>CONECTIVIDADE<\/h2>\n<ul>\n<li>CONECTOR DE ENTRADA:\u00a0USB-C<\/li>\n<li>LOCALIZA\u00c7\u00c3O:\u00a0GPS \/ Galileo \/ GLONASS \/ Beidou<\/li>\n<li>CONECTOR DE FONE DE OUVIDO (3.5mm):\u00a0Sim<\/li>\n<li>VERS\u00c3O DE BLUETOOTH:\u00a0Bluetooth 5.3<\/li>\n<li>PROTOCOLOS WI-FI:\u00a0802.11a\/b\/g\/n\/ac<\/li>\n<li>SUPORTE WI-FI:\u00a02.4G | 5G<\/li>\n<li>WI-FI DIRECT:\u00a0Sim<\/li>\n<li>WI-FI DISPLAY:\u00a0Sim<\/li>\n<li>NFC:\u00a0N\u00e3o<\/li>\n<li>SUPORTE A OTG:\u00a0Sim<\/li>\n<\/ul>\n<h2>SISTEMA OPERACIONAL<\/h2>\n<ul>\n<li>TIPO:\u00a0Android 14 (Xiaomi HyperOS) Sistema operacional devidamente personalizado e otimizado pela Xiaomi com funcionalidades exclusivas.<\/li>\n<li>VERS\u00c3O:\u00a0Android 14<\/li>\n<\/ul>\n<h2>SENSORES<\/h2>\n<ul>\n<li>ACELER\u00d4METRO:\u00a0Sim<\/li>\n<li>PROXIMIDADE:\u00a0Sim<\/li>\n<li>GIROSC\u00d3PIO:\u00a0Sim<\/li>\n<li>B\u00daSSOLA:\u00a0Sim<\/li>\n<li>SENSOR DE LUZ AMBIENTE:\u00a0Sim<\/li>\n<li>MOTOR DE VIBRA\u00c7\u00c3O:\u00a0Sim<\/li>\n<li>SENSOR DE IMPRESS\u00c3O DIGITAL:\u00a0Sim, Tela<\/li>\n<li>MICROFONE DE REDU\u00c7\u00c3O DE RU\u00cdDO:\u00a0Sim<\/li>\n<li>CONTROLE REMOTO IR:\u00a0Sim<\/li>\n<\/ul>\n<h2>CARREGAMENTO E BATERIA<\/h2>\n<ul>\n<li>POT\u00caNCIA M\u00c1XIMA DE CARREGAMENTO (W):\u00a033W<\/li>\n<li>CARREGAMENTO SEM FIO:\u00a0N\u00e3o suportado<\/li>\n<li>REMOV\u00cdVEL:\u00a0N\u00e3o<\/li>\n<li>CAPACIDADE DA BATERIA (mAh):\u00a05500mAh<\/li>\n<\/ul>\n<h2>\u00c1UDIO E V\u00cdDEO<\/h2>\n<ul>\n<li>SOM EST\u00c9REO:\u00a0Sim<\/li>\n<\/ul>\n<h2>CONTE\u00daDO DA EMBALAGEM<\/h2>\n<ul>\n<li>SMARTPHONE:\u00a01x Redmi Note 14 4G<\/li>\n<li>CARREGADOR DE TOMADA:\u00a0Sim (padr\u00e3o brasileiro)<\/li>\n<li>CAPA PROTETORA:\u00a0Sim<\/li>\n<li>CABO USB:\u00a0Cabo USB-C<\/li>\n<li>FERRAMENTA EJETORA DE CHIP:\u00a0Sim<\/li>\n<li>MANUAL:\u00a0Sim<\/li>\n<li>TERMO DE GARANTIA:\u00a0Sim<\/li>\n<\/ul>\n<\/div>\n<\/div>\n<div class=\"section div2 lazy\" data-type=\"bg\" data-id=\"chnwueetd0\" data-background-image=\"\">\n<picture class=\"xm-picture image3\"> <img decoding=\"async\" class=\"xm-img\" src=\"https:\/\/i02.appmifile.com\/mi-com-product\/fly-birds\/redmi-note-14\/PC\/0ef9b459a30f269cb5310d95f29d4516.jpg\" alt=\"Redmi Note 14\" data-id=\"tgpewy5wkr\" \/> <\/picture>\n<div class=\"div4\">\n<div class=\"div5\"><picture class=\"xm-picture image6\"> <img decoding=\"async\" class=\"xm-img\" src=\"https:\/\/i02.appmifile.com\/mi-com-product\/fly-birds\/redmi-note-14\/PC\/c7074efef7b63f808b591fc7ee2b2b65.jpg\" alt=\"Redmi Note 14\" data-id=\"jb45gxgw6g\" \/> <\/picture> <picture class=\"xm-picture image7\"> <img decoding=\"async\" class=\"xm-img\" src=\"https:\/\/i02.appmifile.com\/543_operator_sg\/17\/01\/2025\/17ef8f2ce2fc4b213d5c0d53a310c276.png\" alt=\"Redmi Note 14\" data-id=\"jdnsingd23\" \/> <\/picture><\/div>\n<div class=\"div8\">\n<div class=\"div9\"><span class=\"xm-text split_text5438 f-regular\" data-key=\"overview_1\" data-type=\"text\" data-id=\"ht1px8e2gb\">C\u00e2mera IA de 108MP<\/span><\/div>\n<div class=\"div10\"><span class=\"xm-text split_text5439 f-regular\" data-key=\"overview_2\" data-type=\"text\" data-id=\"9vdz8yjf7y\">Durabilidade de Ponta<\/span><\/div>\n<\/div>\n<div class=\"xm-price div11 xm-price--wrap\" data-id=\"qschtmy3cg\">\n<p class=\"xm-price--energy\">\n<\/div>\n<\/div>\n<\/div>\n<div class=\"section div12 lazy\" data-type=\"bg\" data-id=\"j47ad4tnz8\" data-background-image=\"\">\n<picture class=\"xm-picture image13\"> <img loading=\"lazy\" loading=\"lazy\" decoding=\"async\" class=\"xm-img\" src=\"https:\/\/i02.appmifile.com\/mi-com-product\/fly-birds\/redmi-note-14\/PC\/4d659807d8db4af035c86bdb954c4434.jpg\" alt=\"Redmi Note 14\" width=\"522\" height=\"551\" data-id=\"xnfpv7z3s1\" \/> <\/picture>\n<div class=\"div14\">\n<div class=\"div15\">\n<picture class=\"xm-picture image16\"> <img loading=\"lazy\" loading=\"lazy\" decoding=\"async\" class=\"xm-img\" src=\"https:\/\/i02.appmifile.com\/mi-com-product\/fly-birds\/redmi-note-14\/PC\/ddd974401e286975bd3d2d5e84b3d92c.png\" alt=\"Redmi Note 14\" width=\"505\" height=\"202\" data-id=\"onxb1onub9\" \/> <\/picture>\n<div class=\"div17\">\n<picture class=\"xm-picture image18\"> <img decoding=\"async\" class=\"xm-img\" src=\"https:\/\/i02.appmifile.com\/mi-com-product\/fly-birds\/redmi-note-14\/PC\/bf2c21d44efdcb48f993d2aaf1c36071.png\" alt=\"Redmi Note 14\" data-id=\"2sh79v3lfz\" \/> <\/picture>\n<div class=\"div19\"><span class=\"xm-text split_text5434 f-bold\" data-key=\"ksp_1\" data-type=\"text\" data-id=\"12o7werrl8\">Sistema de c\u00e2mera IA de 108MP<\/span><\/div>\n<\/div>\n<\/div>\n<div class=\"div20\">\n<div class=\"div21\">\n<picture class=\"xm-picture image22\"> <img decoding=\"async\" class=\"xm-img\" src=\"https:\/\/i02.appmifile.com\/mi-com-product\/fly-birds\/redmi-note-14\/PC\/600e145ba79bd83ff472788fea28dd17.jpg\" alt=\"Redmi Note 14\" data-id=\"euab3fkdzr\" \/> <\/picture>\n<div class=\"div23\"><span class=\"xm-text split_text5433 f-semi\" style=\"width: 2.35546875rem;\" data-key=\"ksp_2\" data-type=\"text\" data-id=\"6zpplpxipv\">Bateria de 5.500 mAh com carregamento turbo de 33 W*<\/span><\/div>\n<\/div>\n<div class=\"div24\">\n<picture class=\"xm-picture image25\"> <img decoding=\"async\" class=\"xm-img\" src=\"https:\/\/i02.appmifile.com\/mi-com-product\/fly-birds\/redmi-note-14\/PC\/a395eddab9242102edff14a1388ad2f8.jpg\" alt=\"Redmi Note 14\" data-id=\"21pf2intla\" \/> <\/picture>\n<div class=\"div26\"><span class=\"xm-text split_text5432 f-semi\" data-key=\"ksp_3\" data-type=\"text\" data-id=\"yrards16p2\">MediaTek Helio G99-Ultra<\/span><\/div>\n<\/div>\n<\/div>\n<div class=\"div27\">\n<picture class=\"xm-picture image28\"> <img loading=\"lazy\" loading=\"lazy\" decoding=\"async\" class=\"xm-img\" src=\"https:\/\/i02.appmifile.com\/mi-com-product\/fly-birds\/redmi-note-14\/PC\/faac1c28c8f300945e96ecbb4a3cf06e.jpg\" alt=\"Redmi Note 14\" width=\"730\" height=\"197\" data-id=\"r0qefhrj4k\" \/> <\/picture>\n<div class=\"div29\"><span class=\"xm-text split_text5431 f-semi\" data-key=\"ksp_4\" data-type=\"text\" data-id=\"txlo33q3js\">Corning\u00ae Gorilla\u00ae Glass 5<\/span><\/div>\n<\/div>\n<div class=\"div30\">\n<div class=\"div31\">\n<picture class=\"xm-picture image32\"> <img decoding=\"async\" class=\"xm-img\" src=\"https:\/\/i02.appmifile.com\/mi-com-product\/fly-birds\/redmi-note-14\/PC\/676aaf9210bd3f4c86ad236b96819c3e.jpg\" alt=\"Redmi Note 14\" data-id=\"kfxn3fu7o0\" \/> <\/picture>\n<div class=\"div33\">\n<picture class=\"xm-picture image34\"> <img decoding=\"async\" class=\"xm-img\" src=\"https:\/\/i02.appmifile.com\/mi-com-product\/fly-birds\/redmi-note-14\/PC\/bc946cf7c2633db51136ac361607d30d.png\" alt=\"Redmi Note 14\" data-id=\"rajm2vq82e\" \/> <\/picture>\n<div class=\"div35\"><span class=\"xm-text split_text5430 f-semi\" style=\"transform: translate(0rem, 0.109375rem);\" data-key=\"ksp_5\" data-type=\"text\" data-id=\"7g5ldnl8ey\">Tela de 120 Hz para cuidados com os olhos<\/span><\/div>\n<\/div>\n<\/div>\n<div class=\"div36\">\n<picture class=\"xm-picture image37\"> <img decoding=\"async\" class=\"xm-img\" src=\"https:\/\/i02.appmifile.com\/mi-com-product\/fly-birds\/redmi-note-14\/PC\/5ca908f0f85801826d0511a590185b7a.jpg\" alt=\"Redmi Note 14\" data-id=\"ukk9fzw308\" \/> <\/picture>\n<div class=\"div38\"><span class=\"xm-text split_text5429 f-semi\" style=\"width: 1.578125rem;\" data-key=\"ksp_6\" data-type=\"text\" data-id=\"h910muf436\">Sensor biom\u00e9trico na tela<\/span><\/div>\n<\/div>\n<\/div>\n<\/div>\n<\/div>\n","protected":false},"excerpt":{"rendered":"<ul class=\"ui-vpp-highlighted-specs__features-list\">\n<li class=\"ui-vpp-highlighted-specs__features-list-item ui-pdp-color--BLACK ui-pdp-size--XSMALL ui-pdp-family--REGULAR\">Dispositivo desbloqueado para que voc\u00ea escolha a companhia telef\u00f4nica de sua prefer\u00eancia.<\/li>\n<li class=\"ui-vpp-highlighted-specs__features-list-item ui-pdp-color--BLACK ui-pdp-size--XSMALL ui-pdp-family--REGULAR\">Compat\u00edvel com redes 5G.<\/li>\n<li class=\"ui-vpp-highlighted-specs__features-list-item ui-pdp-color--BLACK ui-pdp-size--XSMALL ui-pdp-family--REGULAR\">Tela AMOLED de 6.67&#8243;.<\/li>\n<li class=\"ui-vpp-highlighted-specs__features-list-item ui-pdp-color--BLACK ui-pdp-size--XSMALL ui-pdp-family--REGULAR\">Tem 3 c\u00e2meras traseiras de 200Mpx\/8Mpx\/2Mpx.<\/li>\n<li class=\"ui-vpp-highlighted-specs__features-list-item ui-pdp-color--BLACK ui-pdp-size--XSMALL ui-pdp-family--REGULAR\">C\u00e2mera frontal de 16Mpx.<\/li>\n<li class=\"ui-vpp-highlighted-specs__features-list-item ui-pdp-color--BLACK ui-pdp-size--XSMALL ui-pdp-family--REGULAR\">Processador Snapdragon 7S Gen 2 Octa-Core de 2.4GHz com 8GB de RAM.<\/li>\n<li class=\"ui-vpp-highlighted-specs__features-list-item ui-pdp-color--BLACK ui-pdp-size--XSMALL ui-pdp-family--REGULAR\">Bateria de 5 Ah.<\/li>\n<li class=\"ui-vpp-highlighted-specs__features-list-item ui-pdp-color--BLACK ui-pdp-size--XSMALL ui-pdp-family--REGULAR\">Mem\u00f3ria interna de 256GB.<\/li>\n<li class=\"ui-vpp-highlighted-specs__features-list-item ui-pdp-color--BLACK ui-pdp-size--XSMALL ui-pdp-family--REGULAR\">Com reconhecimento facial e sensor de impress\u00e3o digital.<\/li>\n<\/ul>\n","protected":false},"featured_media":3883,"comment_status":"open","ping_status":"closed","template":"","meta":[],"etheme_brands":[],"product_brand":[],"product_cat":[64,67],"product_tag":[94,92],"class_list":{"0":"post-3851","1":"product","2":"type-product","3":"status-publish","4":"has-post-thumbnail","6":"product_cat-daily-deals","7":"product_cat-cell-phones","8":"product_tag-smartphone","9":"product_tag-telefone","11":"first","12":"instock","13":"sale","14":"taxable","15":"shipping-taxable","16":"purchasable","17":"product-type-variable","18":"has-default-attributes"},"_links":{"self":[{"href":"https:\/\/foxstorebr.com\/fsbr\/wp-json\/wp\/v2\/product\/3851","targetHints":{"allow":["GET"]}}],"collection":[{"href":"https:\/\/foxstorebr.com\/fsbr\/wp-json\/wp\/v2\/product"}],"about":[{"href":"https:\/\/foxstorebr.com\/fsbr\/wp-json\/wp\/v2\/types\/product"}],"replies":[{"embeddable":true,"href":"https:\/\/foxstorebr.com\/fsbr\/wp-json\/wp\/v2\/comments?post=3851"}],"version-history":[{"count":3,"href":"https:\/\/foxstorebr.com\/fsbr\/wp-json\/wp\/v2\/product\/3851\/revisions"}],"predecessor-version":[{"id":3887,"href":"https:\/\/foxstorebr.com\/fsbr\/wp-json\/wp\/v2\/product\/3851\/revisions\/3887"}],"wp:featuredmedia":[{"embeddable":true,"href":"https:\/\/foxstorebr.com\/fsbr\/wp-json\/wp\/v2\/media\/3883"}],"wp:attachment":[{"href":"https:\/\/foxstorebr.com\/fsbr\/wp-json\/wp\/v2\/media?parent=3851"}],"wp:term":[{"taxonomy":"brand","embeddable":true,"href":"https:\/\/foxstorebr.com\/fsbr\/wp-json\/wp\/v2\/etheme_brands?post=3851"},{"taxonomy":"product_brand","embeddable":true,"href":"https:\/\/foxstorebr.com\/fsbr\/wp-json\/wp\/v2\/product_brand?post=3851"},{"taxonomy":"product_cat","embeddable":true,"href":"https:\/\/foxstorebr.com\/fsbr\/wp-json\/wp\/v2\/product_cat?post=3851"},{"taxonomy":"product_tag","embeddable":true,"href":"https:\/\/foxstorebr.com\/fsbr\/wp-json\/wp\/v2\/product_tag?post=3851"}],"curies":[{"name":"wp","href":"https:\/\/api.w.org\/{rel}","templated":true}]}}